 is the highest common factor of 132 and c?
12
Let j(p) = -p**2 - 7*p + 3. Let r be j(-6). Suppose -205*c + 693 = -128*c. Calculate the greatest common divisor of c and r.
9
Suppose i - 2*t + 1 = 6, i - 6 = 3*t. What is the highest common factor of 3 and i?
3
Let t = 367 + -363. What is the greatest common divisor of t and 52?
4
Let z = -287 - -289. What is the greatest common divisor of z and 82?
2
Suppose -52*c - 3*h + 264 = -47*c, -2*c + 102 = 3*h. Let d(s) = 67*s**2 - 3*s. Let b be d(3). Calculate the highest common factor of c and b.
54
Suppose 0*p + 3*p = 12. Suppose -164 = -p*u - 44. Let y = u - -3. Calculate the greatest common factor of y and 3.
3
Suppose -10*d + 117 - 27 = 0. Let v(h) = h**2 + 7*h + 2. Let w be v(-7). Suppose -6 = -w*n + 6. What is the greatest common factor of n and d?
3
Suppose 0 = 3*a + y - 5*y + 93, -3*a = 4*y + 93. Let c = -15 - a. Suppose 3*m - u + 3*u = 290, 189 = 2*m - 3*u. What is the greatest common divisor of m and c?
16
Suppose 3*o + 18 = 3*b, 3*o = 4*b - 10 - 11. Suppose 9*u + 95 = 5*f + 4*u, -4*f + b*u + 81 = 0. What is the highest common factor of f and 36?
12
Let u = 50 + -122. Let q = u + 164. Suppose m + 10 = -m, -3*h = -4*m - q. What is the highest common factor of 16 and h?
8
Let m(b) = -415*b + 127. Let t be m(-2). What is the highest common factor of 22 and t?
11
Suppose -130 = -s - 4*c - 52, -5*s + 373 = 3*c. Calculate the greatest common divisor of s and 259.
37
Let m = 421 + -293. Suppose -7*o = 16*o - 368. What is the highest common divisor of o and m?
16
Suppose -5*m = -4*q + 27, 3*m = -6 - 3. Calculate the greatest common divisor of q and 81.
3
Let x = 430 + -392. What is the greatest common divisor of x and 1216?
38
Suppose -3*g + 3 = -2*g. Let v be (2 - -1)/(1 - 0). Suppose 111 = 3*z + v*d, 0*z - 70 = -2*z - d. What is the highest common factor of z and g?
3
Suppose 0 = -2*c - n + 189, 5*n + 111 = 2*c - 96. Calculate the highest common divisor of c and 416.
32
Let p(f) = f**3 - 34*f**2 + 100*f - 151. Let y be p(31). Calculate the highest common divisor of y and 1518.
66
Let h(o) = 5*o + 18. Let s(f) = 4*f + 18. Let v(x) = 3*h(x) - 4*s(x). Let z be v(-22). What is the greatest common factor of z and 44?
4
Let f(s) = -43*s - 55. Let h be f(-6). What is the greatest common factor of 319 and h?
29
Let a = 187 + -183. Calculate the greatest common factor of a and 124.
4
Let k(g) = 3*g**2 - 9*g + 6. Let b be k(-5). Calculate the highest common factor of b and 308.
14
Let l(i) = i**3 - 41*i**2 + 45*i - 190. Let b be l(40). What is the greatest common divisor of 400 and b?
10
Suppose -18 = -10*a + 382. What is the highest common factor of a and 5?
5
Suppose -5*a = 2*s - 15, -4*s - 4*a = -53 + 17. Let i be 0/(-7)*(-1)/5. Suppose i = -0*p - 2*p + 100. What is the greatest common divisor of s and p?
10
Suppose -3*l = 4*h, 5*h = l - 0*l. Suppose 6*g - 11*g + 45 = l. Suppose -5*z - 24 = -g*z. Calculate the greatest common factor of z and 30.
6
Suppose 8*p + 100 = 10*p. Suppose -2*y = -4*n - 60, 5*n + 100 = 4*y + n. What is the highest common divisor of y and p?
10
Suppose 3*y + k = 2 + 9, -3*k = 4*y - 18. Let q be (-189)/(-27) + (0 - 0 - y). What is the highest common factor of 28 and q?
4
Let d be 145 + (12 - 4) + 12. What is the greatest common divisor of 165 and d?
165
Let g(q) = 3*q**2 - 7 - 3*q + 0*q**2 - 2*q**2. Let j be g(5). Calculate the greatest common divisor of 2 and j.
1
Let g = -73 - -154. Suppose -2*c + 86 = -2*j, 1 = -c - 5*j + 74. Let n be (-3 - c/2)*-2. Calculate the greatest common divisor of g and n.
27
Let v be (-4)/((-8)/(-66))*1. Let b be -24*(-4 + v/(-9)). Calculate the highest common divisor of 64 and b.
8
Let y(f) = -8*f - 7 - 5*f**3 - 7*f**2 + 2*f**3 + 2*f**3. Let n be y(-6). Let t be -5*((-3)/(-18))/((-3)/18). Calculate the highest common divisor of n and t.
5
Suppose 21*m - 19*m - 3*b - 326 = 0, -3*m = -4*b - 488. Calculate the highest common divisor of m and 60.
20
Suppose -4*m - 186 = 442. Let t = -45 - m. What is the greatest common divisor of 14 and t?
14
Let f be 2/((28/(-32))/(-7)). Let x(m) = m**2 + m - 140. Let t be x(12). What is the highest common factor of f and t?
16
Let k(l) = -2*l + 24. Let r be k(11). Let w be 343/21 + r/3. What is the greatest common factor of w and 34?
17
Let y be (5 - 1)*(-9)/(-12). Suppose 0 = -y*b - 2*b + 25. Suppose b*q - q = 72. Calculate the highest common factor of q and 144.
18
Let p = 622 + -412. Suppose 7*i - 14 = p. What is the highest common factor of 80 and i?
16
Suppose -8379 = -0*s - 19*s. Calculate the highest common divisor of s and 49.
49
Let g(o) = 62*o**3 + 5*o**2 - 3*o + 6. Let n be g(3). What is the highest common divisor of n and 24?
12
Let v = 709 - 700. Suppose -3*d - 4*r + 513 = 0, 2*d + 171 = 3*d - 2*r. Calculate the greatest common factor of d and v.
9
Suppose -3*w + 80 = 2*w. Let s be (94/4)/(2/w). Let h be (-4)/(-6) + s/6. Calculate the greatest common divisor of h and 16.
16
Suppose -2*f + 391 = 2*a - a, 188 = f + 2*a. What is the greatest common factor of 18 and f?
18
Suppose 0 = -2*o + 5*a + 18, -o + a + 4*a = -4. Let f = o + -14. Suppose 5*y + h - 259 = f, y - 149 = -2*y + h. What is the highest common divisor of y and 17?
17
Suppose -2*n = 7 - 17. Suppose 5*h - 3*j - 42 = 4*h, n*h + 3*j - 120 = 0. What is the highest common divisor of 135 and h?
27
Suppose -d + 460 = -3*i, 3*d = -2*i + i + 1350. What is the highest common factor of 123 and d?
41
Let s(r) = -r - 6. Let h be s(-8). Let v(g) = 4*g**2 + 2*g - 2. Let a be v(h). Let q = -295 - -421. Calculate the highest common divisor of a and q.
18
Let v = 126 + 154. Suppose -11*l + v = -7*l. What is the greatest common divisor of 14 and l?
14
Let w be (12/15 + -1)/((-4)/460). What is the highest common divisor of 253 and w?
23
Suppose -5*c - 2*g = -4, -2*c - g + 10 = -3*g. Let o = 144 + -107. Let k = -15 + o. Calculate the greatest common divisor of k and c.
2
Suppose -z + 6 = 2, 5*z - 815 = 5*x. Let k = x - -295. Suppose -4*q + k - 44 = 0. What is the highest common factor of q and 23?
23
Suppose 5*d = c - 55 - 7, 3*c - 5*d - 166 = 0. Let i be c/(-39)*(-27)/4. What is the greatest common divisor of i and 45?
9
Let q(n) = -2*n**2 + 34*n + 18. Let c be q(14). What is the greatest common divisor of c and 18?
6
Let g be (-3068)/(-20) - ((-114)/15 - -7). Calculate the highest common factor of 28 and g.
14
Let h(u) = u**3 + 5*u**2 - 3*u. Let j be h(-5). Let x(o) = 18*o - 14. Let d be x(j). Let l = d - 175. What is the greatest common divisor of l and 9?
9
Let l(b) = -4*b - 4*b**2 - b**3 + 2 - 11 - 2*b**2 + 5*b**2. Let d be l(-3). Calculate the greatest common factor of d and 14.
7
Let h(p) = -p**3 + p**2 + 18*p + 30. Let c be h(-4). Let w = 261 + -166. What is the greatest common factor of c and w?
19
Let n = -636 + 644. Calculate the greatest common factor of n and 36.
4
Let b = 2348 - -604. Calculate the greatest common divisor of b and 72.
72
Let j(a) = -a**3 + 9*a**2 + a - 8. Let y = 11 + -2. Let l be j(y). Calculate the greatest common factor of 3 and l.
1
Let d be ((-2)/11)/(4/(-22)). Calculate the highest common divisor of d and 3.
1
Let o(h) = -18*h + 72. Let t be o(-10). Calculate the highest common factor of t and 28.
28
Suppose -t - 10 - 8 = 0. Let d = 38 + t. Calculate the greatest common divisor of d and 5.
5
Suppose 15*s + 10*s - 200 = 0. Calculate the greatest common factor of 28 and s.
4
Suppose -v - 9 = -4*v. Suppose 0 = v*r - 3*f - 21, 0*r + 3 = -3*r - 5*f. Suppose -r*d - 61 = -317. What is the greatest common factor of d and 16?
16
Suppose g + 93 = -y - 4*y, -3*g = -4*y + 222. Let n be (g/(-65))/(2/5). Let s be -14*-2*n/2. Calculate the greatest common divisor of 6 and s.
6
Suppose 11*i = 13*i - 48. Let u be (12/i)/(1/8). Suppose -u*h + 57 - 5 = 0. Calculate the highest common factor of h and 52.
13
Let b(k) = k**3 + 13*k**2 - 14*k - 4. Let f be b(-14). Let p be -3*(10 + -6)*15/f. What is the highest common factor of 9 and p?
9
Let d = 24 + -14. Let u = 13 - d. Let x be (42/4)/(1/2). Calculate the greatest common divisor of x and u.
3
Let m be (168/(-20))/((-12)/90 + 0). Suppose s + s - 14 = 0. What is the greatest common divisor of m and s?
7
Suppose -3*m + 32*m = 290. Calculate the highest common divisor of 190 and m.
10
Suppose 9 = -4*